{"id":4918,"date":"2013-12-25T15:27:35","date_gmt":"2013-12-25T14:27:35","guid":{"rendered":"http:\/\/ossaw.at\/?page_id=4918"},"modified":"2013-12-25T15:28:33","modified_gmt":"2013-12-25T14:28:33","slug":"nagradjenitrud","status":"publish","type":"page","link":"https:\/\/www.ossaw.at\/de\/nagradjenitrud\/","title":{"rendered":"Nagra\u0111eni trud"},"content":{"rendered":"<p><span style=\"color: #000000;\"><font class=\"fp_sc_div fp_wf_Lato\" style=\" color: #000000 !important;\"><\/span><\/p>\n<h2 style=\"text-align: center;\"><span style=\"color: #000000; font-family: inherit; font-size: inherit; font-weight: inherit; line-height: 1.6;\">Nagra\u0111eni trud<\/span><\/h2>\n<p style=\"text-align: justify;\"><span style=\"color: #000000;\">Sonja Svilki\u0107 \u0106iri\u0107, stipendistkinja Fonda za mlade talente, zahvaljuju\u0107i Fondu nastavila je studije, kroz putovanja obogatila svoje znanje i ostvarila se kao posrednik, prevodilac i profesor u jednoj norve\u0161koj konsalting firmi. Sonja je osnovne i master studije Skandinavskih jezika i knji\u017eevnosti zavr\u0161ila na Filolo\u0161kom fakultetu u Beogradu. Fond joj je na zavr\u0161noj studija omogu\u0107io usavr\u0161avanje norve\u0161kog, ali i usluge Centra za karijerno vo\u0111enje i savetovanje mladih talenata, kao i radionice i konsultovanja, koja su Sonji posebno zna\u010dla. Ona sada u\u017eiva u svom poslu, u slobodno vreme se bavi fotografijom, a jedan od planova joj je i da postane doktor nauka.\u00a0<\/span><\/p>\n<p style=\"text-align: justify;\"><span style=\"color: #000000;\">Izvor: <a href=\"http:\/\/dositeja.fondmt.rs\/vesti\/nagradeni-trud \">Dositeja<\/a>, Fond za mlade talente Republike Srbije\u00a0<\/span><\/p>\n<p style=\"text-align: right;\"><span style=\"color: #000000;\">Medijski sektor \u2013 OSSI Be\u010d<\/span><\/p>\n<p style=\"text-align: right;\"><span style=\"color: #000000;\">Vesna \u0160piri\u0107<\/span><\/p>\n<p><span style=\"color: #000000;\"><\/font><\/span><\/p>\n","protected":false},"excerpt":{"rendered":"","protected":false},"author":25,"featured_media":0,"parent":0,"menu_order":0,"comment_status":"open","ping_status":"open","template":"","meta":{"footnotes":""},"yoast_head":"<!-- This site is optimized with the Yoast SEO plugin v23.5 - https:\/\/yoast.com\/wordpress\/plugins\/seo\/ -->\n<title>Nagra\u0111eni trud - \u041eSSAW<\/title>\n<meta name=\"robots\" content=\"index, follow, max-snippet:-1, max-image-preview:large, max-video-preview:-1\" \/>\n<link rel=\"canonical\" href=\"https:\/\/www.ossaw.at\/de\/nagradjenitrud\/\" \/>\n<meta property=\"og:locale\" content=\"de_DE\" \/>\n<meta property=\"og:type\" content=\"article\" \/>\n<meta property=\"og:title\" content=\"Nagra\u0111eni trud - \u041eSSAW\" \/>\n<meta property=\"og:url\" content=\"https:\/\/www.ossaw.at\/de\/nagradjenitrud\/\" \/>\n<meta property=\"og:site_name\" content=\"\u041eSSAW\" \/>\n<meta property=\"article:publisher\" content=\"https:\/\/www.facebook.com\/ossaw\" \/>\n<meta property=\"article:modified_time\" content=\"2013-12-25T14:28:33+00:00\" \/>\n<meta name=\"twitter:card\" content=\"summary_large_image\" \/>\n<meta name=\"twitter:label1\" content=\"Gesch\u00e4tzte Lesezeit\" \/>\n\t<meta name=\"twitter:data1\" content=\"1\u00a0Minute\" \/>\n<script type=\"application\/ld+json\" class=\"yoast-schema-graph\">{\"@context\":\"https:\/\/schema.org\",\"@graph\":[{\"@type\":\"WebPage\",\"@id\":\"https:\/\/www.ossaw.at\/de\/nagradjenitrud\/\",\"url\":\"https:\/\/www.ossaw.at\/de\/nagradjenitrud\/\",\"name\":\"Nagra\u0111eni trud - \u041eSSAW\",\"isPartOf\":{\"@id\":\"https:\/\/www.ossaw.at\/#website\"},\"datePublished\":\"2013-12-25T14:27:35+00:00\",\"dateModified\":\"2013-12-25T14:28:33+00:00\",\"breadcrumb\":{\"@id\":\"https:\/\/www.ossaw.at\/de\/nagradjenitrud\/#breadcrumb\"},\"inLanguage\":\"de\",\"potentialAction\":[{\"@type\":\"ReadAction\",\"target\":[\"https:\/\/www.ossaw.at\/de\/nagradjenitrud\/\"]}]},{\"@type\":\"BreadcrumbList\",\"@id\":\"https:\/\/www.ossaw.at\/de\/nagradjenitrud\/#breadcrumb\",\"itemListElement\":[{\"@type\":\"ListItem\",\"position\":1,\"name\":\"\u041f\u043e\u0447\u0435\u0442\u043d\u0430\",\"item\":\"https:\/\/www.ossaw.at\/\"},{\"@type\":\"ListItem\",\"position\":2,\"name\":\"Nagra\u0111eni trud\"}]},{\"@type\":\"WebSite\",\"@id\":\"https:\/\/www.ossaw.at\/#website\",\"url\":\"https:\/\/www.ossaw.at\/\",\"name\":\"\u041eSSAW\",\"description\":\"Organisation Serbischer Studenten im Ausland - Wien\",\"publisher\":{\"@id\":\"https:\/\/www.ossaw.at\/#organization\"},\"potentialAction\":[{\"@type\":\"SearchAction\",\"target\":{\"@type\":\"EntryPoint\",\"urlTemplate\":\"https:\/\/www.ossaw.at\/?s={search_term_string}\"},\"query-input\":{\"@type\":\"PropertyValueSpecification\",\"valueRequired\":true,\"valueName\":\"search_term_string\"}}],\"inLanguage\":\"de\"},{\"@type\":\"Organization\",\"@id\":\"https:\/\/www.ossaw.at\/#organization\",\"name\":\"\u041e\u0441\u0441\u0438 - \u0411\u0435\u0447\",\"url\":\"https:\/\/www.ossaw.at\/\",\"logo\":{\"@type\":\"ImageObject\",\"inLanguage\":\"de\",\"@id\":\"https:\/\/www.ossaw.at\/#\/schema\/logo\/image\/\",\"url\":\"https:\/\/www.ossaw.at\/wp-content\/uploads\/2016\/07\/OSSAW-logo-cirilica-page-001-2.jpg\",\"contentUrl\":\"https:\/\/www.ossaw.at\/wp-content\/uploads\/2016\/07\/OSSAW-logo-cirilica-page-001-2.jpg\",\"width\":1448,\"height\":1024,\"caption\":\"\u041e\u0441\u0441\u0438 - \u0411\u0435\u0447\"},\"image\":{\"@id\":\"https:\/\/www.ossaw.at\/#\/schema\/logo\/image\/\"},\"sameAs\":[\"https:\/\/www.facebook.com\/ossaw\",\"https:\/\/www.instagram.com\/ossa_wien\/\",\"https:\/\/www.linkedin.com\/company\/organisation-of-serbian-students-abroad---vienna\"]}]}<\/script>\n<!-- \/ Yoast SEO plugin. -->","yoast_head_json":{"title":"Nagra\u0111eni trud - \u041eSSAW","robots":{"index":"index","follow":"follow","max-snippet":"max-snippet:-1","max-image-preview":"max-image-preview:large","max-video-preview":"max-video-preview:-1"},"canonical":"https:\/\/www.ossaw.at\/de\/nagradjenitrud\/","og_locale":"de_DE","og_type":"article","og_title":"Nagra\u0111eni trud - \u041eSSAW","og_url":"https:\/\/www.ossaw.at\/de\/nagradjenitrud\/","og_site_name":"\u041eSSAW","article_publisher":"https:\/\/www.facebook.com\/ossaw","article_modified_time":"2013-12-25T14:28:33+00:00","twitter_card":"summary_large_image","twitter_misc":{"Gesch\u00e4tzte Lesezeit":"1\u00a0Minute"},"schema":{"@context":"https:\/\/schema.org","@graph":[{"@type":"WebPage","@id":"https:\/\/www.ossaw.at\/de\/nagradjenitrud\/","url":"https:\/\/www.ossaw.at\/de\/nagradjenitrud\/","name":"Nagra\u0111eni trud - \u041eSSAW","isPartOf":{"@id":"https:\/\/www.ossaw.at\/#website"},"datePublished":"2013-12-25T14:27:35+00:00","dateModified":"2013-12-25T14:28:33+00:00","breadcrumb":{"@id":"https:\/\/www.ossaw.at\/de\/nagradjenitrud\/#breadcrumb"},"inLanguage":"de","potentialAction":[{"@type":"ReadAction","target":["https:\/\/www.ossaw.at\/de\/nagradjenitrud\/"]}]},{"@type":"BreadcrumbList","@id":"https:\/\/www.ossaw.at\/de\/nagradjenitrud\/#breadcrumb","itemListElement":[{"@type":"ListItem","position":1,"name":"\u041f\u043e\u0447\u0435\u0442\u043d\u0430","item":"https:\/\/www.ossaw.at\/"},{"@type":"ListItem","position":2,"name":"Nagra\u0111eni trud"}]},{"@type":"WebSite","@id":"https:\/\/www.ossaw.at\/#website","url":"https:\/\/www.ossaw.at\/","name":"\u041eSSAW","description":"Organisation Serbischer Studenten im Ausland - Wien","publisher":{"@id":"https:\/\/www.ossaw.at\/#organization"},"potentialAction":[{"@type":"SearchAction","target":{"@type":"EntryPoint","urlTemplate":"https:\/\/www.ossaw.at\/?s={search_term_string}"},"query-input":{"@type":"PropertyValueSpecification","valueRequired":true,"valueName":"search_term_string"}}],"inLanguage":"de"},{"@type":"Organization","@id":"https:\/\/www.ossaw.at\/#organization","name":"\u041e\u0441\u0441\u0438 - \u0411\u0435\u0447","url":"https:\/\/www.ossaw.at\/","logo":{"@type":"ImageObject","inLanguage":"de","@id":"https:\/\/www.ossaw.at\/#\/schema\/logo\/image\/","url":"https:\/\/www.ossaw.at\/wp-content\/uploads\/2016\/07\/OSSAW-logo-cirilica-page-001-2.jpg","contentUrl":"https:\/\/www.ossaw.at\/wp-content\/uploads\/2016\/07\/OSSAW-logo-cirilica-page-001-2.jpg","width":1448,"height":1024,"caption":"\u041e\u0441\u0441\u0438 - \u0411\u0435\u0447"},"image":{"@id":"https:\/\/www.ossaw.at\/#\/schema\/logo\/image\/"},"sameAs":["https:\/\/www.facebook.com\/ossaw","https:\/\/www.instagram.com\/ossa_wien\/","https:\/\/www.linkedin.com\/company\/organisation-of-serbian-students-abroad---vienna"]}]}},"_links":{"self":[{"href":"https:\/\/www.ossaw.at\/de\/wp-json\/wp\/v2\/pages\/4918"}],"collection":[{"href":"https:\/\/www.ossaw.at\/de\/wp-json\/wp\/v2\/pages"}],"about":[{"href":"https:\/\/www.ossaw.at\/de\/wp-json\/wp\/v2\/types\/page"}],"author":[{"embeddable":true,"href":"https:\/\/www.ossaw.at\/de\/wp-json\/wp\/v2\/users\/25"}],"replies":[{"embeddable":true,"href":"https:\/\/www.ossaw.at\/de\/wp-json\/wp\/v2\/comments?post=4918"}],"version-history":[{"count":0,"href":"https:\/\/www.ossaw.at\/de\/wp-json\/wp\/v2\/pages\/4918\/revisions"}],"wp:attachment":[{"href":"https:\/\/www.ossaw.at\/de\/wp-json\/wp\/v2\/media?parent=4918"}],"curies":[{"name":"wp","href":"https:\/\/api.w.org\/{rel}","templated":true}]}}

Nagrađeni trud

<p><span style="color: #000000;"><font class="fp_sc_div fp_wf_Lato" style=" color: #000000 !important;"></span></p>
<h2 style="text-align: center;"><span style="color: #000000; font-family: inherit; font-size: inherit; font-weight: inherit; line-height: 1.6;">Nagrađeni trud</span></h2>
<p style="text-align: justify;"><span style="color: #000000;">Sonja Svilkić Ćirić, stipendistkinja Fonda za mlade talente, zahvaljujući Fondu nastavila je studije, kroz putovanja obogatila svoje znanje i ostvarila se kao posrednik, prevodilac i profesor u jednoj norveškoj konsalting firmi. Sonja je osnovne i master studije Skandinavskih jezika i književnosti završila na Filološkom fakultetu u Beogradu. Fond joj je na završnoj studija omogućio usavršavanje norveškog, ali i usluge Centra za karijerno vođenje i savetovanje mladih talenata, kao i radionice i konsultovanja, koja su Sonji posebno značla. Ona sada uživa u svom poslu, u slobodno vreme se bavi fotografijom, a jedan od planova joj je i da postane doktor nauka. </span></p>
<p style="text-align: justify;"><span style="color: #000000;">Izvor: <a href="http://dositeja.fondmt.rs/vesti/nagradeni-trud ">Dositeja</a>, Fond za mlade talente Republike Srbije </span></p>
<p style="text-align: right;"><span style="color: #000000;">Medijski sektor – OSSI Beč</span></p>
<p style="text-align: right;"><span style="color: #000000;">Vesna Špirić</span></p>
<p><span style="color: #000000;"></font></span></p>

<!-- This site is optimized with the Yoast SEO plugin v23.5 - https://yoast.com/wordpress/plugins/seo/ -->
<title>Nagrađeni trud - ОSSAW</title>
<meta name="robots" content="index, follow, max-snippet:-1, max-image-preview:large, max-video-preview:-1" />
<link rel="canonical" href="https://www.ossaw.at/de/nagradjenitrud/" />
<meta property="og:locale" content="de_DE" />
<meta property="og:type" content="article" />
<meta property="og:title" content="Nagrađeni trud - ОSSAW" />
<meta property="og:url" content="https://www.ossaw.at/de/nagradjenitrud/" />
<meta property="og:site_name" content="ОSSAW" />
<meta property="article:publisher" content="https://www.facebook.com/ossaw" />
<meta property="article:modified_time" content="2013-12-25T14:28:33+00:00" />
<meta name="twitter:card" content="summary_large_image" />
<meta name="twitter:label1" content="Geschätzte Lesezeit" />
	<meta name="twitter:data1" content="1 Minute" />
<script type="application/ld+json" class="yoast-schema-graph">{"@context":"https://schema.org","@graph":[{"@type":"WebPage","@id":"https://www.ossaw.at/de/nagradjenitrud/","url":"https://www.ossaw.at/de/nagradjenitrud/","name":"Nagrađeni trud - ОSSAW","isPartOf":{"@id":"https://www.ossaw.at/#website"},"datePublished":"2013-12-25T14:27:35+00:00","dateModified":"2013-12-25T14:28:33+00:00","breadcrumb":{"@id":"https://www.ossaw.at/de/nagradjenitrud/#breadcrumb"},"inLanguage":"de","potentialAction":[{"@type":"ReadAction","target":["https://www.ossaw.at/de/nagradjenitrud/"]}]},{"@type":"BreadcrumbList","@id":"https://www.ossaw.at/de/nagradjenitrud/#breadcrumb","itemListElement":[{"@type":"ListItem","position":1,"name":"Почетна","item":"https://www.ossaw.at/"},{"@type":"ListItem","position":2,"name":"Nagrađeni trud"}]},{"@type":"WebSite","@id":"https://www.ossaw.at/#website","url":"https://www.ossaw.at/","name":"ОSSAW","description":"Organisation Serbischer Studenten im Ausland - Wien","publisher":{"@id":"https://www.ossaw.at/#organization"},"potentialAction":[{"@type":"SearchAction","target":{"@type":"EntryPoint","urlTemplate":"https://www.ossaw.at/?s={search_term_string}"},"query-input":{"@type":"PropertyValueSpecification","valueRequired":true,"valueName":"search_term_string"}}],"inLanguage":"de"},{"@type":"Organization","@id":"https://www.ossaw.at/#organization","name":"Осси - Беч","url":"https://www.ossaw.at/","logo":{"@type":"ImageObject","inLanguage":"de","@id":"https://www.ossaw.at/#/schema/logo/image/","url":"https://www.ossaw.at/wp-content/uploads/2016/07/OSSAW-logo-cirilica-page-001-2.jpg","contentUrl":"https://www.ossaw.at/wp-content/uploads/2016/07/OSSAW-logo-cirilica-page-001-2.jpg","width":1448,"height":1024,"caption":"Осси - Беч"},"image":{"@id":"https://www.ossaw.at/#/schema/logo/image/"},"sameAs":["https://www.facebook.com/ossaw","https://www.instagram.com/ossa_wien/","https://www.linkedin.com/company/organisation-of-serbian-students-abroad---vienna"]}]}</script>
<!-- / Yoast SEO plugin. -->

Nagrađeni trud - ОSSAW

ОSSAW

Почетна

Осси - Беч
